11
What is 1 + -2 + 3 + (-4 - -7) + 5?
10
Evaluate -6 - -3 - (-57 + 15 + (13 - 5)).
31
Evaluate (6 - -3) + -5 + -3 - -4 - 23.
-18
-241 + 208 - (-38 + -1)
6
Evaluate -1 + 24 + (3 - 2 - (-12 + 16)).
20
Evaluate (-29 - -9 - -34) + (-4 - 1) + 9.
18
Evaluate (12 - -2) + 100 + -113 - (20 + -2).
-17
What is 7 + 1 + 12 + -6 + -3?
11
What is the value of 15 - (16 - ((-47 - -7) + 15))?
-26
Evaluate -18 - ((-3 - 2) + (-10 - -11) - 0).
-14
What is the value of 9 + -5 + (3 - 6)?
1
Evaluate -11 - (-12 + 4 + (-6 - -5) + 4).
-6
What is -5 - 27 - (0 - 48)?
16
What is (7 - (27 + -22)) + 6 + (2 - 3)?
7
Calculate 15 + -1 + (1 - (16 - 8)).
7
What is -34 + (15 - 18) + 15 - (-5 + 0)?
-17
What is the value of (25 - 30) + (4 - -5)?
4
What is the value of 12 + -6 + 8 + 14 + -8?
20
1 - (-28 + 32 - (-3 - -1))
-5
Calculate 12 + 7 + -8 + -7 + -8 - -6.
2
7 + -3 + (-12 - -2) + -6
-12
Calculate -4 + (29 + -11 - (8 + 2)) + -8.
-4
Calculate (16 + -7 - (3 + 2) - 13) + 3.
-6
What is -261 + 276 + -1 + 2 + 1?
17
Evaluate -7 - (1 - ((7 - 4) + -3)).
-8
What is 11 + 6 + -5 + -27?
-15
-17 - (13 + (-12 - 1) + 1 + -5)
-13
(-2 - 32) + (5 + -27 - -37)
-19
Calculate -44 + 44 + 5 + -1 + -1.
3
What is -8 - (0 - 0) - (2 - 20)?
10
-16 + (-16 - -11) - (-9 + 0)
-12
Calculate 4 + -64 + 22 - -24.
-14
0 + 9 + -12 - 23 - (6 - 1)
-31
What is the value of 5 - (-6 + (15 - 21) + 17)?
0
Calculate 4 + (-8 - 1) - -11.
6
What is (2 - -14) + (20 - 31 - (0 + -16))?
21
Calculate -4 + 1 + (200 - 210 - (-5 + -2)).
-6
Calculate 15 + 1 - (-6 + -5 + 21).
6
281 + -268 + (-15 - 1)
-3
Evaluate (5 - -2 - 2) + 143 + -121.
27
What is -6 + (16 - (5 + 1)) + 9?
13
What is 22 + -10 - (29 + -1)?
-16
8 - (39 - 35 - (0 + -9))
-5
What is 2 + -2 + -38 + 40 + -8?
-6
(-11 - 3) + 3 + 58 + -26
21
What is the value of (23 - -2) + (-2 + -3 + 6 - 1)?
25
What is -7 + (-5 + 5 - -7) + -7?
-7
24 - (76 + 1 + -24)
-29
What is 15 + -12 - ((6 - 5) + -5 + 5)?
2
41 + -43 + (-2 - 12) + 6
-10
Calculate -38 + (-20 - -8 - (9 + -28)).
-31
3 - 15 - (-96 + 79)
5
Calculate -1 - (12 - 23) - (4 - -8) - 28.
-30
Calculate -8 + (-1 - -1 - (-1 - 6)).
-1
90 + -95 + 0 + 5 - 12
-12
Calculate 9 + (0 - 3) + -2 + -8 - -1.
-3
What is the value of -17 - (10 + 15 - 17 - 6)?
-19
What is the value of 5 + -39 + 12 + 6 + 3?
-13
Evaluate -35 + 33 + (-1 - -4) + (2 - 9).
-6
What is the value of -127 + 148 - (4 - -2)?
15
31 - (28 + -27 + 43)
-13
Evaluate -31 - -39 - (2 - -10) - -20.
16
-9 + 3 + (3 - (-14 - -4)) - -1
8
Calculate (16 - 0) + (10 - 18) + -1.
7
Evaluate -16 + 19 + -6 + -4.
-7
3 + -7 + 11 + 4 - (65 - 31)
-23
What is -24 - (2 - ((7 - 7) + -5 + 10))?
-21
What is 2 + 1 + -6 + 210 + -218?
-11
Calculate -2 + 15 - (-6 + 9 + -3).
13
What is the value of -1 - -1 - (2 + (25 - 14))?
-13
What is the value of (101 - 60) + -39 + (-2 - -2)?
2
What is the value of -3 + (-6 - 0) - (-2 - -6)?
-13
-1 + (32 - (-26 - -10 - -7))
40
What is the value of 23 + 9 + -9 + -43?
-20
What is the value of (6 - 1 - -5) + (-5 - (2 - 7))?
10
What is -18 + (23 - 3) + 24?
26
What is the value of (0 - -3) + -2 + -1 + 16 + -17?
-1
Evaluate 5 - (-7 + 10 + 5) - 6.
-9
(27 - 36) + (-6 + 20 - 3)
2
Calculate 35 + -26 - (-3 + (4 - -4)).
4
Calculate (105 - 115) + (3 - 1) - 9.
-17
What is 22 - (-10 - -33) - (-1 - 13 - -2)?
11
Calculate 3 - -10 - (37 + -12).
-12
Calculate -8 - (-1 + (7 - 2) - (10 - -2)).
0
6 - (-2 + (4 - -2)) - 5 - -9
6
-6 + (31 - 25) + (-9 - (-2 - -2))
-9
1 + -19 + 43 + -53 + 20 - -14
6
-29 + -1 + (15 - -1) + -4
-18
What is 11 - (5 - ((-22 - -10) + 10))?
4
Evaluate (1 - 4) + -15 + 20 + -6.
-4
-51 + 16 - -12 - -5
-18
What is -2 + -2 + 12 + -4 + (3 - 0)?
7
What is -2 - -10 - ((-16 - 0) + -24 + 84)?
-36
What is -4 + (7 - 12 - (4 - 15))?
2
What is -4 + (6 - 2) + (-4 + -20 - -1)?
-23
What is 42 + -1 + 42 + -54?
29
Calculate -4 - (5 + -25 + 0) - (1 + 3).
12
Evaluate 2 + -5 + 6 + 0 - 11.
-8
What is -11 + (1 - 2) + 54 + -49 - 1?
-8
What is the value of (-28 - -3 - 11) + 11?
-25
Calculate (15 - 2) + (3 + 2 - 3) + -8.
7
What is the value of 33 + -32 + -2 + 1?
0
Evaluate 10 + (-12 - -2) + 17 - 14.
3
Calculate 0 + 6 + -16 + 8 - -4.
2
What is the value of -16 + (8 - 27 - -48)?
13
Calculate 0 - (110 + -109 + (5 - -1) + 2).
-9
What is the value of -5 + -1 - ((-1 + 9 - -6) + -7)?
-13
(231 + -251 - (-20 + -2)) + -1 + 9
10
What is -4 + 10 + (-23 - 12) + (1 - -6)?
-22
What is the value of (21 - (-8 - -12)) + 1 + -3?
15
Evaluate (-3 - -22 - 10 - 8) + -8.
-7
What is the value of -2 - -1 - (-30 + 17) - 32?
-20
What is the value of -14 - (16 - (-16 - -40))?
-6
What is 16 - (-1 + 10 + 6 + (-6 - 1))?
8
What is the value of -15 - (15 + -15) - -27?
12
Evaluate 4 - (-13 + 2 + 7 + -15 + 0).
23
What is (3 - (-2 + 2) - 2) + -264 + 246?
-17
Calculate -12 - (-13 + 5) - 6.
-10
What is 7 - (-1 + -2 + 4)?
6
What is -9 - -12 - 3 - 8?
-8
What is the value of -3 + -6 - -4 - (6 + 3)?
-14
-5 + -18 + 6 + 3
-14
What is the value of 1 + -7 + (76 - 73)?
-3
What is the value of -1 + 10 + (41 + -52 - 6)?
-8
Evaluate (-5 - 1) + (-1 - 1) + (101 - 99).
-6
21 - 17 - (-3 + (1 + 1 - -2))
3
What is (-28 - 23) + 20 + 12 + 0 + -2?
-21
0 + 1 + (4 + -5 - -3)
3
Evaluate -12 + (4 - 11) + (-5 - -2).
-22
Calculate (0 - 10) + 536 + -505.
21
What is the value of (35 - (16 + 2 + -19)) + 2?
38
What is 18 + 11 + -35 + -27?
-33
Evaluate -26 + 24 - (6 - 3 - -3).
-8
Evaluate 13 - ((16 - -2) + (-83 - -95)).
-17
27 + (26 - (2 - -11)) + -27
13
What is 17 + (2 - 16) + -29 + 6 + -2?
-22
(-4 - -5 - (-3 + (5 - -1))) + 5
3
Evaluate 8 - (126 + -126 + (1 - 0 - -1)).
6
Calculate -6 + (-1 + -14 - (288 - 274)).
-35
What is the value of -9 - 6 - (-11 - -6 - 24)?
14
Calculate (-1 - 0) + -2 - (14 - -1 - 17).
-1
What is the value of -7 + (-3 - (1 + -8 + -4)) - 6?
-5
Calculate 11 + -17 + 34 + 2 + 2.
32
What is the value of -4 - 1 - (4 + (-2 - -3))?
-10
Evaluate (-45 - (-39 + 12)) + 22.
4
Calculate 9 - -6 - 3 - (-3 - 4).
19
Evaluate -2 - (-52 + 2) - (-16 - -15 - -9).
40
What is the value of -1 + 2 + (-3 - (51 + -37))?
-16
Calculate 9 + 6 + (-17 - -9 - 1).
6
0 + -10 + 0 + (-2 - (1 - 10))
-3
-57 + 24 - (12 - 18)
-27
What is the value of 28 + -31 + 43 + -73?
-33
What is the value of -8 - -39 - (-10 - (-11 + 3))?
33
Calculate (-19 - 4) + 7 - -33.
17
What is the value of 6 - (1 + 1) - (39 - 8 - 9)?
-18
Calculate -12 + 7 + -18 + 14.
-9
What is -7 + -14 + 6 + -2 + 44?
27
What is the value of -54 - -28 - (0 + -64)?
38
115 - 109 - (8 - 0 - -1)
-3
(-10 - 2) + -3 - -21
6
What is the value of 8 + -1 - (-311 + 335)?
-17
What is 2 - -21 - 21 - 8?
-6
What is the value of -10 - ((10 - -5) + 1 + -14)?
-12
Calculate 2 - (-2 + (-7 - (0 - 3)) - 2).
10
Calculate (24 - -3 - -9) + -12.
24
Calculate (-1 + 1 - 0) + 3 + -6 - 9.
-12
Calculate (2 + 3 - 10) + (4 - 12).
-13
9 + (-22 - (7 - 21))
1
Calculate -1 + 14 + -3 + -22 + 30.
18
(-13 - -11) + 4 + -8 - (-4 + 3)
-5
(15 - 18) + (-1 + -1 - -2)
-3
(-3 - (2 + 20)) + 6
-19
What is the value of 18 - ((1 - -14) + 0 - (-567 - -576))?
12
Calculate -18 + (-24 - -16) + 21.
-5
What is (102 - 95) + -6 + 0 + -11?
-10
Evaluate (-1 + 26 + -3 - 17) + 2 + -1.
6
What is the value of -451 + 415 - (-27 - 1)?
-8
Calculate 2 + 2 + -3 + 5.
6
What is the value of (-1 - -10) + -26 + 22 + 21 + -29?
-3
Evaluate 0 - -1 - (12 - 16 - -21).
-16
(16 - (7 - -4)) + -8 - 7
-10
What is the value of (39 - (-38 + 65)) + -17?
-5
-5 - (0 + -11) - -2
8
What is the value of -3 - 1 - (-6 + 1 + 5 - 2)?
-2
Evaluate (-1 + 1 - -5) + -24 + (-25 - -38).
-6
Calculate -6 + (-2 - ((-20 - -11) + 29)) + 2.
-26
Evaluate -14 + (-2 + 1 + -10 - -14) + 4.
-7
Evaluate 12 + (-52 - (-16 + -12)).
-12
Calculate 9 + 3 + (-1 - 13) + -75 + 81.
4
What is the value of (7 + 5 - 15) + -13?
-16
-19 - (-9 - 9) - -13
12
What is the value of -44 - (9 - (7 + 13)) - (0 - 7)?
-26
Evaluate -5 + 44 - ((34 - 9) + -10).
24
What is the value of -5 - -16 - (-19 - -30)?
0
Evaluate -12 + ((15 - 17) + -21 - -5).
-30
-36 + -18 - -39 - (0 - 28)
13
Calculate 18 + (-32 - (31 + -43)).
-2
-8 + (-1 - (-11 + 9) - (10 + -2))
-15
What is the value of -10 + (6 + -3 + 2 - 2)?
-7
Calculate 5 - 8 - (2 + 11).
-16
-34 - -19 - (-4 + -2 + 2)
-11
What is the value of 108 + -92 + (-9 - 1) - -11?
17
1 + (2 - 4) - (-7 + 15 + -10)
1
(-11 + 4 - ((2 - -3) + -21)) + 0
9
-4 - 6 - ((1 - 0) + -3 + -3)
-5
-10 - (-19 + 12) - (0 + 2 + -5)
0
What is the value of (-17 - -1 -